k. Let s(z) = -2*z + 7. Determine s(w).
-3
Let c be (-2)/(-4 + 2)*-9. Let g be (-70)/c - (-4)/18. Let z(j) = j - 7. Determine z(g).
1
Let s(j) = j**3 - 5*j**2 + 3*j - 1. Let o be 1/((2/(-8))/(-1)). Give s(o).
-5
Let r be (1/2)/(1/6). Suppose -r*m = -2*m - 4. Let j = m - 3. Let u(q) = 3*q**3 - 2*q + 1. Calculate u(j).
2
Suppose a + 2 = 4*k - 6, -3*a + 15 = k. Suppose -a*m + 25 = m. Suppose -2*q + 8 = -4*l, 0*q - m*l + 12 = 3*q. Let t(r) = r**3 - 4*r**2 - 3*r + 5. Give t(q).
-7
Let w(n) = -n**3 + 7*n**2 + 5. Let j(m) = -3*m + 1. Let t(s) = s**2 - 4*s - 7. Let b be t(5). Let h be j(b). What is w(h)?
5
Let x(s) = -2 + s**2 + 5*s - s**2 - 2*s**2. Suppose -3*f + 11 = -2*v, 3*f + 2*v = -f + 10. Suppose -2*z - 6 = -4*z + b, -z - 2*b + f = 0. Determine x(z).
-5
Let i be (-1 + 2)/(-2 + 1). Let w(z) be the second derivative of -3/2*z**3 + 0 - 1/2*z**2 + 10*z. Calculate w(i).
8
Let n(i) be the second derivative of 7*i**3/3 - i**2 - i. Let a(l) = -5*l + 1. Let k(h) = -8*a(h) - 3*n(h). Let f = 8 + -10. Give k(f).
2
Let y = 16 - 3. Let q = 9 - y. Let z(j) = j**2 - 6*j - 3. Let u(s) = -s**2 + s - 1. Let a(n) = 2*u(n) + z(n). Give a(q).
-5
Let k(s) = -1. Let b(h) = 2*h - 4. Let x(r) = b(r) - 4*k(r). Suppose -3*v + 15 = -0*v. What is x(v)?
10
Let o(g) be the second derivative of -g - 3/2*g**2 + 1/6*g**3 + 0. Let i = 7 + -11. Give o(i).
-7
Let t(g) be the second derivative of -g**3/6 + 11*g**2/2 - 5*g. Give t(8).
3
Suppose 2*w + c + 4 = 0, -c - c = -5*w + 8. Let s be -4*(10/(-8) - w). Suppose -a = 2*q, 3*a + 7 = -s. Let h(v) = 3*v - 1. Calculate h(q).
5
Suppose -y - 12 = y. Let i = -4 - y. Let b(m) = i*m + 3 + m**2 - m + 3. Calculate b(0).
6
Let s = 65 - 60. Let z(x) = x + x - 2 - 4. Calculate z(s).
4
Let g(o) = o**2 + o - 8. Let t(d) = -13 - d + d + d + 5. Let k be t(8). What is g(k)?
-8
Let o(w) = -2*w - w + 2*w + 3 + 4*w - 2*w**2. Suppose 2*d = -3*d + 5*u, 2*d - 5*u + 9 = 0. Determine o(d).
-6
Let t(i) be the second derivative of -i**4/12 - 2*i**3/3 - i**2 - 62*i. What is t(-2)?
2
Let o(u) be the second derivative of -u**5/30 + u**4/8 - u**3/6 + u**2/2 + 3*u. Let m(l) be the first derivative of o(l). What is m(2)?
-3
Let v(g) be the third derivative of g**4/24 - g**3/2 - g**2. Let d be v(5). Let z(j) = -j**2 - 4 + 3*j + 2*j**d - j**2 + j**2. Calculate z(-5).
6
Let z(s) be the third derivative of -s**5/60 + 5*s**4/24 - s**3/3 - 20*s**2. Determine z(4).
2
Suppose c + 4 = p + 2, 0 = -4*c - 5*p + 28. Let t be -3 + (2 - c - -3). Let z = 4 + t. Let q(u) = -u**3 + 3*u**2 + 2*u + 4. What is q(z)?
-4
Suppose -49*z = -46*z. Let s be (-1)/2*(8 - 0). Let b = z - s. Let i(r) = r**2 - 4*r - 2. What is i(b)?
-2
Let f(q) = 2*q. Suppose 4 = o - 12. Suppose 4 = -4*t + 2*y, -4 = 5*y + o. What is f(t)?
-6
Suppose -c = -2, c - 3*c = 4*f. Let m be 1/2*-10*f. Let k(s) be the second derivative of -s**3/3 + s**2/2 - 2*s. Determine k(m).
-9
Let u(p) = 3*p**3 - 3*p**2 + 5*p + 10. Suppose -3 = -5*i - 28. Let g(k) = k**3 - 2*k**2 + 2*k + 5. Let z(x) = i*g(x) + 2*u(x). What is z(-4)?
-5
Suppose -5*d = -y - 25, -2*y + y + 29 = 4*d. Let a(i) = -2*i**2 + 5*i + 4. Let q(h) = -h**2 - h + 1. Let u(t) = -a(t) + q(t). Calculate u(d).
-3
Let a(k) = 8*k - 1. Let r = 32 - 31. Determine a(r).
7
Let j(r) = -r**2 - 13*r - 7. Let x be j(-12). Let y(l) = 2*l - 2. Give y(x).
8
Let i(b) = b**2 - 8*b - 5. Let w(v) = -2*v**2 + 16*v + 10. Let f(u) = 5*i(u) + 3*w(u). What is f(8)?
5
Let b(d) = d + 4. Let o = 48 + -74. Let z = -32 - o. Determine b(z).
-2
Suppose -4*q + q - 8 = -2*y, 0 = -3*y - 5*q + 12. Let v(u) = u**3 - 4*u**2 + u. Give v(y).
4
Let q be 0/1*(-2)/(-4). Let f = -142 + 154. Suppose 0*b + 3*b - f = q. Let d(l) = -3*l + 4. Determine d(b).
-8
Let z(j) = 7*j**3 + 5*j**2 + 7*j + 2. Let c(l) = -13*l**3 - 9*l**2 - 13*l - 3. Suppose 2*q - 16 + 4 = 0. Let u(d) = q*c(d) + 11*z(d). Determine u(0).
4
Suppose 2*j - 4 = 3*i + 7*j, -5*i = j - 8. Let a(f) = 0*f + 5 - i*f + 0*f**2 - 3*f + f**2. What is a(4)?
1
Let j(o) be the first derivative of o**2/2 + 6*o - 13. Determine j(-8).
-2
Let g(p) = -4*p**2 + 2 + 2*p - p**3 + 4 - 5. Suppose 0 = -3*h + n - 14, -2*n = -h - 3*n - 2. What is g(h)?
-7
Let r(n) = -n**3 - 11*n**2 - 9*n - 1. Let c(a) = -a**2 - a - 1. Let h(b) = -5*c(b) + r(b). What is h(-5)?
-1
Let r be 2/8 + 2*1/(-10). Let f(g) be the second derivative of -1/6*g**4 + g + 0*g**2 - r*g**5 + 0*g**3 + 0. Determine f(-2).
0
Let u(p) = -4*p - 2*p + 3*p - 6 + 7. What is u(4)?
-11
Let d(k) be the second derivative of 1/2*k**3 - 1/60*k**5 - 3*k + k**2 - 1/6*k**4 + 0. Let o(u) be the first derivative of d(u). Calculate o(-4).
3
Let b(j) be the first derivative of -j**2/2 + 12*j + 2. Let s be b(0). Suppose -4*l = -5*x + l - 15, -s = 2*x + l. Let p(k) = k + 8. Give p(x).
3
Let y(z) be the third derivative of z**5/60 - z**4/4 - 2*z**3/3 + 10*z**2. Determine y(6).
-4
Let d = -23 + 8. Let k = -11 - d. Let n(v) = -k*v + 6*v + 0*v + 5*v - 1. Determine n(1).
6
Let f(p) be the third derivative of -p**4/24 + p**3/6 - 4*p**2. Determine f(-2).
3
Let j(l) = -l - 2. Let q be j(-4). Suppose 11*c - 6*c - 25 = 0. Suppose 3*r - c = q*r. Let v(o) = o**3 - 5*o**2 - 5. Calculate v(r).
-5
Let f(w) = -w. Let i(m) = 11*m**3 - m**2. Let g(n) = -f(n) + i(n). Determine g(1).
11
Suppose -3*h - c = -14, 4*h - 5*c + 18 = 6*h. Let z(b) be the second derivative of b**5/20 - b**4/4 - b**3 + b**2 - 2*b. Give z(h).
-6
Let t(f) be the first derivative of 0*f - 3 + 1/2*f**2. Suppose v = 3 + 2. Determine t(v).
5
Suppose 10 = 4*d - 3*d. Suppose 3*j + 3*p - 6 = p, 5*j - d = 5*p. Suppose 6 + j = 4*l. Let h(u) = u**2 - u. Give h(l).
2
Let w(s) = 4*s - 2. Suppose 3*o = 2*z, -o - 5*z = 14 + 3. What is w(o)?
-10
Let w be 4/6 + 42/18. Let i(r) = -7 - r**w - 3 - 2*r**2 + 3 - r - 3*r**2. Give i(-5).
-2
Let r(d) = -9*d + 23. Let u(n) = 4*n - 11. Let x(v) = -3*r(v) - 7*u(v). Let j be (12/14)/(2/14). Give x(j).
2
Let z(b) = 1 + 12*b + 11*b + 0*b**2 - b**2 - 24*b. Give z(1).
-1
Let g(u) = -2*u**3 + u**2 - u + 1. Suppose 0 = -2*v - 2*v + 4. Suppose -y = -2 + v. What is g(y)?
-1
Suppose 0*d + 1 = d. Let k(t) = -6*t - 11. Let x(s) = -3*s - 14. Let m(y) = 5*y + 21. Let h(a) = 5*m(a) + 7*x(a). Let n(r) = -8*h(r) - 5*k(r). Give n(d).
-3
Let g = -10 + 15. Let n = g + -10. Let o(i) = -i**2 - 6*i - 2. What is o(n)?
3
Let o(d) = -d**3 + 3*d**2 + 3*d - 3. Let m(c) = c - 4. Let f be m(4). Suppose f = g - 2*g - 3. Let v be (-7)/g + 4/6. What is o(v)?
6
Let l(i) = 8*i**2 - 2*i + 1. Let y(u) = -15*u**2 + 4*u - 2. Let m(j) = 5*l(j) + 2*y(j). Calculate m(1).
9
Let u(m) = m**3 + 5*m**2 - m - 2. Suppose 12 + 5 = -j + 5*l, 0 = -3*j - 5*l + 29. Let o = j - 8. What is u(o)?
3
Let k = -33 - -42. Let i(o) = o - 7. Give i(k).
2
Let b(v) = 3*v - 2*v**2 - 2*v + 9*v**3 - 8*v**3. What is b(1)?
0
Let d(s) = 4*s**2 - 5*s + 8. Let u(m) = -17*m**2 + 19*m - 33. Suppose 0 = 4*h + 3*j + 2*j + 33, -5*h + j = 5. Let c(v) = h*u(v) - 9*d(v). What is c(4)?
-10
Suppose -7*g + 11*g = 0. Suppose -4*o + 2*f = -g*f - 22, -3*o = 4*f. Let s(n) = n**2 - 5*n + 1. Determine s(o).
-3
Let j(d) = -d**3 + 6*d**2 - 2*d - 1. Suppose -4*f + 10 = -2*f. What is j(f)?
14
Let b(t) = -3*t**2 + 7*t + 8. Let l(q) = -q**2 + q + 1. Let w(i) = b(i) - 2*l(i). Let f = 9 - 4. Calculate w(f).
6
Suppose y - n + 6*n = 7, -2*y + 2*n + 2 = 0. Let g(a) = -2*a**3 - a**2 - 2. Calculate g(y).
-22
Let y(j) = 4*j**2 + 2*j - 1. Let c be 1/1*(-90)/5. Let n = 16 + c. Determine y(n).
11
Let j(f) be the third derivative of -f**6/360 - f**5/30 - f**4/24 + 4*f**3/3 - 3*f**2. Let o(a) be the first derivative of j(a). Determine o(-5).
-6
Let k(v) be the second derivative of v**3/6 - 2*v**2 + 33*v. What is k(9)?
5
Let v(q) = q + 3. Let a(s) = -s - 1. Let k be a(1). Let i be 2 - (k - (-1 - -2)). Determine v(i).
8
Suppose k - 3 = -w - 0, 0 = -3*k + 3*w - 3. Let m(h) = h + 2. Let o be m(0). Let y(i) = 6*i**2 - o*i + 2*i**2 + 2 - k. What is y(1)?
7
Let v(t) = t - 3. Suppose -4*c + o + 23 = 0, -3*o + 12 = 5*c - 21. Let m(d) = -3*d + 9. Let j(h) = c*m(h) + 17*v(h). Determine j(5).
-2
Let l(i) be the first derivative of 2*i**2 + 2*i + 37. Calculate l(4).
18
Let v(i) = 6*i - 5. Suppose 0 = 13*r - 18 - 34. Give v(r).
19
Let h(a) = 5*a**3 + 1. Let r be h(1). Let f(b) = b**2 - 6*b + 2. Give f(r).
2
Let c be 4/(-2) - (-1 + 3). Let i(w) = -7*w + 6. Let k(g) = -20*g +